{"id":19,"date":"2024-02-18T12:00:54","date_gmt":"2024-02-18T15:00:54","guid":{"rendered":"https:\/\/codmef.com.br\/?page_id=19"},"modified":"2024-10-31T13:00:06","modified_gmt":"2024-10-31T16:00:06","slug":"programacao","status":"publish","type":"page","link":"https:\/\/codmef.com.br\/index.php\/programacao\/","title":{"rendered":"Programa\u00e7\u00e3o"},"content":{"rendered":"\n<div class=\"wp-block-columns alignwide is-layout-flex wp-container-core-columns-layout-2 wp-block-columns-is-layout-flex\">\n<div class=\"wp-block-column is-layout-flow wp-block-column-is-layout-flow\" style=\"flex-basis:100%\">\n<div class=\"wp-block-columns alignfull are-vertically-aligned-bottom is-layout-flex wp-container-core-columns-layout-1 wp-block-columns-is-layout-flex\">\n<div class=\"wp-block-column is-vertically-aligned-bottom is-layout-flow wp-block-column-is-layout-flow\" style=\"flex-basis:100%\">\n<div class=\"wp-block-group is-layout-constrained wp-block-group-is-layout-constrained\"><div class=\"wp-block-group__inner-container\">\n<hr class=\"wp-block-separator has-alpha-channel-opacity is-style-wide\"\/>\n\n\n\n<p class=\"has-text-align-center has-medium-font-size\"><strong><mark style=\"background-color:rgba(0, 0, 0, 0);color:#1d7f5b\" class=\"has-inline-color\">1\u00ba Dia &#8211; 06\/11 (Quarta-Feira)<\/mark><\/strong><\/p>\n\n\n\n<hr class=\"wp-block-separator has-alpha-channel-opacity is-style-wide\"\/>\n\n\n\n<p class=\"has-text-align-center has-electric-grass-gradient-background has-background has-medium-font-size\"><strong><mark style=\"background-color:rgba(0, 0, 0, 0);color:#118b5e\" class=\"has-inline-color\">Manh\u00e3<\/mark><\/strong><\/p>\n\n\n\n<p class=\"has-text-align-center has-black-color has-electric-grass-gradient-background has-text-color has-background has-link-color has-medium-font-size wp-elements-05e5a2b12f18b80334c424796a5b4668\"><strong>08:00<\/strong>&nbsp;&#8211; Credenciamento &#8211; Entrega de Material<\/p>\n\n\n\n<p class=\"has-text-align-center has-electric-grass-gradient-background has-background has-medium-font-size\"><strong>09:00&nbsp;&#8211; Abertura Oficial <\/strong><\/p>\n\n\n\n<p class=\"has-text-align-center has-black-color has-electric-grass-gradient-background has-text-color has-background has-link-color has-medium-font-size wp-elements-c9729fdea955180e68c24b3c5b106be8\"><strong>Autoridades presentes<\/strong>: Reitor da Universidade Federal de Mato Grosso, Diretor da Faculdade de Educa\u00e7\u00e3o F\u00edsica, Coordenador do NUPEFS, Coordenadora do PPGEF, Coordenadora do Evento.<\/p>\n\n\n\n<p class=\"has-text-align-center has-electric-grass-gradient-background has-background has-medium-font-size\">&nbsp;<strong><mark style=\"background-color:rgba(0, 0, 0, 0);color:#1d7f5b\" class=\"has-inline-color\">Confer\u00eancia de Abertura<\/mark><\/strong><\/p>\n\n\n\n<p class=\"has-text-align-center has-black-color has-electric-grass-gradient-background has-text-color has-background has-link-color has-medium-font-size wp-elements-d953e7c7b57e96643965f312edd68435\"><strong>Moderador:&nbsp;<\/strong><em>Dr Guilherme Morais Puga \u2013 UFU<\/em><\/p>\n\n\n\n<p class=\"has-text-align-center has-black-color has-electric-grass-gradient-background has-text-color has-background has-link-color has-medium-font-size wp-elements-6ec4b55c86aeed9ec74718d1e1253a9b\"><strong>10:00 &#8211; 10:50&nbsp;<\/strong>&#8211; <strong>Exerc\u00edcio f\u00edsico e hipertens\u00e3o: efeitos, fatores de influ\u00eancia e mecanismos<\/strong> <em><em>\u2013<\/em><\/em> <em>Dr\u00aa Cl\u00e1udia L\u00facia de Moraes<\/em> <em>Forjaz <em>\u2013<\/em> USP<\/em><\/p>\n\n\n\n<p class=\"has-text-align-center has-black-color has-electric-grass-gradient-background has-text-color has-background has-link-color has-medium-font-size wp-elements-c4f1398ff6839d2b66186bc4b1054549\">10:50 &#8211; 11:00 &#8211; Debate aberto ao p\u00fablico<\/p>\n\n\n\n<p class=\"has-text-align-center has-electric-grass-gradient-background has-background has-medium-font-size\"><strong> 11:00 &#8211; 12:00<\/strong>&nbsp;&#8211; <strong><mark style=\"background-color:rgba(0, 0, 0, 0);color:#1d7f5b\" class=\"has-inline-color\">Sess\u00e3o de P\u00f4ster<\/mark> <a href=\"http:\/\/codmef.com.br\/wp-content\/uploads\/2024\/10\/dia1.pdf\"><em>(rela\u00e7\u00e3o de trabalhos)<\/em><\/a><\/strong><\/p>\n\n\n\n<div class=\"wp-block-group is-layout-constrained wp-block-group-is-layout-constrained\"><div class=\"wp-block-group__inner-container\">\n<div class=\"wp-block-group is-layout-constrained wp-block-group-is-layout-constrained\"><div class=\"wp-block-group__inner-container\">\n<p class=\"has-text-align-center has-pale-ocean-gradient-background has-background has-medium-font-size\"><strong><mark style=\"background-color:rgba(0, 0, 0, 0);color:#1d7f5b\" class=\"has-inline-color\">Tarde<\/mark><\/strong><\/p>\n\n\n\n<p class=\"has-text-align-center has-pale-ocean-gradient-background has-background has-medium-font-size\"><strong><mark style=\"background-color:rgba(0, 0, 0, 0);color:#1d7f5b\" class=\"has-inline-color\">Mesa redonda:&nbsp;<strong><mark style=\"background-color:rgba(0, 0, 0, 0);color:#1d7f5b\" class=\"has-inline-color\">Diabetes<\/mark><\/strong><\/mark><\/strong>, <strong><mark style=\"background-color:rgba(0, 0, 0, 0);color:#1d7f5b\" class=\"has-inline-color\"><strong><mark style=\"background-color:rgba(0, 0, 0, 0);color:#1d7f5b\" class=\"has-inline-color\">Nutri\u00e7\u00e3o e <\/mark><\/strong>Exerc\u00edcio F\u00edsico<\/mark><\/strong><\/p>\n\n\n\n<div class=\"wp-block-group has-pale-ocean-gradient-background has-background is-layout-constrained wp-block-group-is-layout-constrained\"><div class=\"wp-block-group__inner-container\">\n<p class=\"has-text-align-center has-black-color has-text-color has-link-color has-medium-font-size wp-elements-34807fec45e523c9810bed08505c8d2e\"><strong>Moderadores:<\/strong>&nbsp;<em>Dr\u00aa Karine Naves de Oliveira Goulart \u2013 UFMT<\/em><\/p>\n\n\n\n<p class=\"has-text-align-center has-black-color has-text-color has-link-color has-medium-font-size wp-elements-a1627402bd18b1059bbc2edd6d933987\"><em>Dr\u00aa <em>Lucieli Teresa Cambri&nbsp;\u2013&nbsp;UFMT<\/em><\/em> <\/p>\n<\/div><\/div>\n\n\n\n<p class=\"has-text-align-center has-black-color has-pale-ocean-gradient-background has-text-color has-background has-link-color has-medium-font-size wp-elements-63be7fddd69cb9466d202ce6f2e0e6f2\"><strong>14:00 &#8211; 14:50<\/strong>&nbsp;&#8211;<strong> Efeitos transgeracionais do consumo de a\u00e7\u00facar: papel do treinamento f\u00edsico<\/strong> <em>\u2013<\/em> <em>Dr\u00aa K\u00e1tia D\u2019Angelis <em>\u2013<\/em> UNIFESP<\/em><\/p>\n\n\n\n<p class=\"has-text-align-center has-black-color has-pale-ocean-gradient-background has-text-color has-background has-link-color has-medium-font-size wp-elements-1d5c5a5408d038ec7f49b99b2f943dd3\"><strong>14:50 &#8211; 15:40 <\/strong>&#8211;&nbsp;<strong>Exerc\u00edcio f\u00edsico e sa\u00fade cognitiva: foco no diabetes e no envelhecimento<\/strong> <em>\u2013<\/em> <em>Dr\u00aa Danusa Dias Soares \u2013 UFMG<\/em><\/p>\n\n\n\n<p class=\"has-text-align-center has-black-color has-pale-ocean-gradient-background has-text-color has-background has-link-color has-medium-font-size wp-elements-b7112d74ecdaecec283041e944d20ccd\"><strong>15:40 &#8211; 16:00 <\/strong>&#8211; Debate aberto ao p\u00fablico<\/p>\n\n\n\n<p class=\"has-text-align-center has-pale-ocean-gradient-background has-background has-medium-font-size\"><strong>16:00 Coffee Break<\/strong><\/p>\n\n\n\n<p class=\"has-text-align-center has-pale-ocean-gradient-background has-background has-medium-font-size\"><strong><mark style=\"background-color:rgba(0, 0, 0, 0);color:#1d7f5b\" class=\"has-inline-color\">Palestra<\/mark><\/strong><\/p>\n\n\n\n<p class=\"has-text-align-center has-black-color has-pale-ocean-gradient-background has-text-color has-background has-link-color has-medium-font-size wp-elements-6e169d70be0e2c1175e9fda530f00691\"><strong>Moderador:<\/strong>&nbsp;<em>Dr\u00aa Rochelle Rocha Costa \u2013 UNB<\/em><\/p>\n\n\n\n<p class=\"has-text-align-center has-black-color has-pale-ocean-gradient-background has-text-color has-background has-link-color has-medium-font-size wp-elements-d934390f90453423a0f96c8e7beab362\"><strong>16:30 &#8211; 17:20<\/strong>\u00a0&#8211;\u00a0<strong>Obesidade, Exerc\u00edcio F\u00edsico em Jejum e Lipemia<\/strong> <em>\u2013<\/em> <em>Dr \u00c1lvaro Reischak Oliveira \u2013 UFRGS<\/em><\/p>\n\n\n\n<p class=\"has-text-align-center has-black-color has-pale-ocean-gradient-background has-text-color has-background has-link-color has-medium-font-size wp-elements-4b3391824827c7c100b4b2e2c560ac64\"><strong>17:20 &#8211; 17:30 <\/strong>&#8211;&nbsp;Debate aberto ao p\u00fablico<\/p>\n\n\n\n<hr class=\"wp-block-separator has-alpha-channel-opacity is-style-wide\"\/>\n<\/div><\/div>\n<\/div><\/div>\n\n\n\n<p class=\"has-text-align-center has-medium-font-size\"><strong><mark style=\"background-color:rgba(0, 0, 0, 0);color:#1d7f5b\" class=\"has-inline-color\">2\u00ba Dia &#8211; 07\/11&nbsp;(Quinta-Feira)<\/mark><\/strong><\/p>\n\n\n\n<hr class=\"wp-block-separator has-alpha-channel-opacity is-style-wide\"\/>\n<\/div><\/div>\n<\/div>\n<\/div>\n<\/div>\n<\/div>\n\n\n\n<div class=\"wp-block-group alignfull is-layout-constrained wp-block-group-is-layout-constrained\"><div class=\"wp-block-group__inner-container\">\n<p class=\"has-text-align-center has-electric-grass-gradient-background has-background has-medium-font-size\"><strong><mark style=\"background-color:rgba(0, 0, 0, 0);color:#1d7f5b\" class=\"has-inline-color\">Manh\u00e3<\/mark><\/strong><\/p>\n\n\n\n<p class=\"has-text-align-center has-electric-grass-gradient-background has-background has-medium-font-size\"><strong><mark style=\"background-color:rgba(0, 0, 0, 0);color:#1d7f5b\" class=\"has-inline-color\">Mesa redonda:&nbsp;Comportamento Sedent\u00e1rio, Obesidade e Doen\u00e7a Cardiovascular<\/mark><\/strong><\/p>\n\n\n\n<p class=\"has-text-align-center has-black-color has-electric-grass-gradient-background has-text-color has-background has-link-color has-medium-font-size wp-elements-69f7a7dbcaeb899af02dea7ebc5af903\"><strong>Moderadores:<\/strong>&nbsp;<em>Dr\u00aa Kamila Meireles dos Santos \u2013 UNEMAT<\/em><\/p>\n\n\n\n<p class=\"has-text-align-center has-black-color has-electric-grass-gradient-background has-text-color has-background has-link-color has-medium-font-size wp-elements-5b60e7ddcfb477aaa1682d8c461f4990\"><em>Dr\u00aa Pamela Carvalho da Rosa<\/em> <em>\u2013 UFMT<\/em><\/p>\n\n\n\n<p class=\"has-text-align-center has-black-color has-electric-grass-gradient-background has-text-color has-background has-link-color has-medium-font-size wp-elements-66cb72da5b9a8d968d130c3585c0b9c2\"><strong>08:00 &#8211; 08:40<\/strong>&nbsp;&#8211; <strong>Respostas fisiol\u00f3gicas as diferentes estrat\u00e9gias de breaks de comportamento sedent\u00e1ri<\/strong>o<em> <em>\u2013<\/em><\/em> <em> &nbsp;Dr Raphael Mendes Ritti Dias \u2013 UNINOVE<\/em><\/p>\n\n\n\n<p class=\"has-text-align-center has-black-color has-electric-grass-gradient-background has-text-color has-background has-link-color has-medium-font-size wp-elements-ef60af970cce3b41f29a1d8b803fe749\"><em>&nbsp; &nbsp; &nbsp; &nbsp; &nbsp; &nbsp; &nbsp; &nbsp; &nbsp; &nbsp; &nbsp; &nbsp; <\/em><strong>08:40 &#8211; 09:20 <\/strong>&#8211;&nbsp;<strong>Comportamentos de movimento e sa\u00fade cardiometab\u00f3lica de pessoas idosas<\/strong> <em><em>\u2013<\/em><\/em>  <em>Dr Eduardo Caldas Costa \u2013 UFRN<\/em><\/p>\n\n\n\n<p class=\"has-text-align-center has-black-color has-electric-grass-gradient-background has-text-color has-background has-link-color has-medium-font-size wp-elements-8d59c018b36d3c2bf87ec965b7959810\"><strong>09:20 &#8211; 09:40&nbsp;<\/strong>&#8211; Debate aberto ao p\u00fablico<\/p>\n\n\n\n<p class=\"has-text-align-center has-electric-grass-gradient-background has-background has-medium-font-size\"><strong><mark style=\"background-color:rgba(0, 0, 0, 0);color:#1d7f5b\" class=\"has-inline-color\">Palestra<\/mark><\/strong><\/p>\n\n\n\n<p class=\"has-text-align-center has-black-color has-electric-grass-gradient-background has-text-color has-background has-link-color has-medium-font-size wp-elements-d011dda51bb09d86ce5d58e8210513dd\"><strong>Moderador:<\/strong>&nbsp;Dr M\u00e1rio Mateus Sugizaki <em><em>\u2013<\/em> UFMT<\/em> &#8211; Sinop<\/p>\n\n\n\n<p class=\"has-text-align-center has-black-color has-electric-grass-gradient-background has-text-color has-background has-link-color has-medium-font-size wp-elements-4af16680064deaf639c6d7d889215f5e\"><strong>09:45 &#8211; 10:35<\/strong>&nbsp;&#8211; <strong>Monitoramento global e nacional de atividade f\u00edsica em crian\u00e7as e adolescentes: quais indicadores temos que aprimorar?<em> <\/em><\/strong><em> <em>\u2013<\/em><\/em> <em>Dr Diego Augusto Santos Silva \u2013 UFSC<\/em><\/p>\n\n\n\n<p class=\"has-text-align-center has-black-color has-electric-grass-gradient-background has-text-color has-background has-link-color has-medium-font-size wp-elements-7ea8b35cf1e275149f6a74d15288eaa7\"><strong>10:45 &#8211; 11:00 <\/strong>&#8211;<strong> Projeto de Vigil\u00e2ncia em Sa\u00fade do Escolar no Estado do Mato<br>Grosso<\/strong> &#8211; Dr M\u00e1rio Mateus Sugizaki <em><em>\u2013<\/em> UFMT<\/em> &#8211; Sinop<\/p>\n\n\n\n<p class=\"has-text-align-center has-electric-grass-gradient-background has-background has-medium-font-size\"><strong>11:00 &#8211; 12:00<\/strong>&nbsp;<strong><mark style=\"background-color:rgba(0, 0, 0, 0);color:#1d7f5b\" class=\"has-inline-color\">Sess\u00e3o de Temas Livres<\/mark><\/strong><\/p>\n\n\n\n<p class=\"has-text-align-center has-black-color has-electric-grass-gradient-background has-text-color has-background has-link-color has-medium-font-size wp-elements-13f7f8b15e29b59e86384730f88f0fc0\"><strong>Impacto do treinamento aer\u00f3bio aqu\u00e1tico e terrestre na fun\u00e7\u00e3o cognitiva de sobreviventes do c\u00e2ncer de mama<\/strong><\/p>\n\n\n\n<p class=\"has-text-align-center has-black-color has-electric-grass-gradient-background has-text-color has-background has-link-color has-medium-font-size wp-elements-36e71759da308af16e4395fc87c05b19\"><em>Luana S. Andrade, Victor H. G. Pinheiro, Bruno E. B. Xavier, Stephanie S. Pinto, Cristine L. Alberto<\/em>n &#8211; UFPel<\/p>\n\n\n\n<p class=\"has-text-align-center has-black-color has-electric-grass-gradient-background has-text-color has-background has-link-color has-medium-font-size wp-elements-6acb2c5091c880b6a74463758f4fe9d0\"><strong>Efeito do treinamento de mat pilates no perfil glic\u00eamico e na press\u00e3o arterial de mulheres na pr\u00e9 e p\u00f3s-menopausa<\/strong><\/p>\n\n\n\n<p class=\"has-text-align-center has-black-color has-electric-grass-gradient-background has-text-color has-background has-link-color has-medium-font-size wp-elements-7c70c46d26f510652e6ea2046267d99e\"><em>Caroline P. Garc\u00eas, Juliana C. Silva, Ana C. R. Cunha, Ana L. Amaral, Igor M. Mariano, T\u00e1ssia M. Sisconeto, Guilherme M. Puga <\/em>&#8211; UFU<\/p>\n\n\n\n<p class=\"has-text-align-center has-black-color has-electric-grass-gradient-background has-text-color has-background has-link-color has-medium-font-size wp-elements-fc0f8dfce94c7f8c85fc4708a7ef66b0\"><strong>A obesidade severa prejudica, mas a atividade f\u00edsica melhora a modula\u00e7\u00e3o auton\u00f4mica card\u00edaca ambulatorial em obesos<\/strong><\/p>\n\n\n\n<p class=\"has-text-align-center has-black-color has-electric-grass-gradient-background has-text-color has-background has-link-color has-medium-font-size wp-elements-4d74538b4b8619be14f4c19c0a6553f3\"><em>D\u00e9bora A. C. Alves, Pamela C. Rosa, Gisela Arsa, Lucieli T. Cambri<\/em> &#8211; UFMT<\/p>\n\n\n\n<p class=\"has-text-align-center has-black-color has-electric-grass-gradient-background has-text-color has-background has-link-color has-medium-font-size wp-elements-01cc3611982dbce83c8b08c12885aa45\"><strong>Moderadores:<\/strong><em>&nbsp;<em>Dr\u00aa Jacielle Carolina Ferreira <em>\u2013<\/em> UFMT<\/em><\/em><\/p>\n\n\n\n<p class=\"has-text-align-center has-pale-ocean-gradient-background has-background has-medium-font-size\"><strong><mark style=\"background-color:rgba(0, 0, 0, 0);color:#1d7f5b\" class=\"has-inline-color\">Tarde<\/mark><\/strong><\/p>\n\n\n\n<p class=\"has-text-align-center has-pale-ocean-gradient-background has-background has-medium-font-size\"><mark style=\"background-color:rgba(0, 0, 0, 0);color:#1d7f5b\" class=\"has-inline-color\">\u00a0<strong>Mesa redonda:\u00a0Benef\u00edcios dos exerc\u00edcios aqu\u00e1ticos nas doen\u00e7as metab\u00f3licas<\/strong><\/mark><\/p>\n\n\n\n<p class=\"has-text-align-center has-black-color has-pale-ocean-gradient-background has-text-color has-background has-link-color has-medium-font-size wp-elements-6ef1d7d2e6ff58af22ea1c03a3d74346\"><strong>Moderadores:<\/strong><em>&nbsp;Dr Alexandre Konig Garcia Prado \u2013 UFMT<\/em><\/p>\n\n\n\n<p class=\"has-text-align-center has-black-color has-pale-ocean-gradient-background has-text-color has-background has-link-color has-medium-font-size wp-elements-37ca4b9bd7c3a6860f9e16e3e4576f6e\"><em>Me Paula Soares Francisco \u2013 UFMT<\/em><\/p>\n\n\n\n<p class=\"has-text-align-center has-black-color has-pale-ocean-gradient-background has-text-color has-background has-link-color has-medium-font-size wp-elements-22322b9e0f2691cdca94c01764f5eabb\"><strong>14:00 &#8211; 14:50<\/strong> &#8211;&nbsp;<strong>Ajustes fisiol\u00f3gicos da imers\u00e3o: implica\u00e7\u00f5es cl\u00ednicas nas doen\u00e7as cardiometab\u00f3licas e promo\u00e7\u00e3o da sa\u00fade <\/strong>&#8211; <em>Dr\u00aa Cristine Lima Alberton <em>\u2013<\/em> UFPel<\/em><\/p>\n\n\n\n<p class=\"has-text-align-center has-black-color has-pale-ocean-gradient-background has-text-color has-background has-link-color has-medium-font-size wp-elements-bcb437c1e68d3859220bc89e21dc0e3c\"><strong>14:50 &#8211; 15:40<\/strong> &#8211; <strong>Efeitos do treinamento f\u00edsico aqu\u00e1tico nas doen\u00e7as cardiometab\u00f3licas: o que dizem as evid\u00eancias cient\u00edficas? <\/strong><em> \u2013<\/em> <em>Dr\u00aa Rochelle Rocha Costa \u2013 UNB<\/em><\/p>\n\n\n\n<p class=\"has-text-align-center has-black-color has-pale-ocean-gradient-background has-text-color has-background has-link-color has-medium-font-size wp-elements-1385dea74c099023aa4afdd39ecb0b0f\"><strong>15:40 &#8211; 16:00<\/strong> &#8211; Debate aberto ao p\u00fabico&nbsp;<\/p>\n\n\n\n<p class=\"has-text-align-center has-pale-ocean-gradient-background has-background has-medium-font-size\"><strong>16:00 Coffee Break<\/strong><\/p>\n\n\n\n<p class=\"has-text-align-center has-pale-ocean-gradient-background has-background has-medium-font-size\"><strong><mark style=\"background-color:rgba(0, 0, 0, 0);color:#1d7f5b\" class=\"has-inline-color\">Palestra<\/mark><\/strong><\/p>\n\n\n\n<p class=\"has-text-align-center has-black-color has-pale-ocean-gradient-background has-text-color has-background has-link-color has-medium-font-size wp-elements-85dd30adffd2d505f17b05ce28b8cbe5\"><strong>Moderador:<\/strong>&nbsp;<em>Dr\u00aa Priscila Berti Zanella<\/em> <em>\u2013 Faculdade de Nutri\u00e7\u00e3o <em>\u2013<\/em> UFMT<\/em><\/p>\n\n\n\n<p class=\"has-text-align-center has-black-color has-pale-ocean-gradient-background has-text-color has-background has-link-color has-medium-font-size wp-elements-6e600d5ba4af0f3428665ead46f9fdcf\">&nbsp;<strong>16:30 &#8211; 17:20<\/strong>&nbsp;&#8211; <strong>Nutri\u00e7\u00e3o, atividade f\u00edsica e metabolismo: uma abordagem \u00e0 luz da plasticidade fenot\u00edpica <\/strong><em>\u2013<\/em> <em>Dr\u00aa Carol Virg\u00ednia G\u00f3is Leandro <em>\u2013<\/em> UFPE<\/em><\/p>\n\n\n\n<p class=\"has-text-align-center has-black-color has-pale-ocean-gradient-background has-text-color has-background has-link-color has-medium-font-size wp-elements-07daa5aa3bbe57ab86a4734980063582\">&nbsp;<strong>17:20 &#8211; 17:30<\/strong> &#8211; Debate aberto ao p\u00fabico<\/p>\n\n\n\n<p class=\"has-text-align-center has-luminous-vivid-amber-background-color has-background has-medium-font-size\">TREIN\u00c3O DE CORRIDA! <a href=\"https:\/\/codmef.com.br\/index.php\/treinao-de-corrida\/\">Clique para saber mais!<\/a><\/p>\n\n\n\n<p><\/p>\n\n\n\n<hr class=\"wp-block-separator has-alpha-channel-opacity is-style-wide\"\/>\n\n\n\n<p class=\"has-text-align-center has-medium-font-size\"><strong><mark style=\"background-color:rgba(0, 0, 0, 0);color:#1d7f5b\" class=\"has-inline-color\">3\u00ba Dia &#8211; 08\/11&nbsp;(Sexta-Feira)<\/mark><\/strong><\/p>\n\n\n\n<hr class=\"wp-block-separator has-alpha-channel-opacity is-style-wide\"\/>\n\n\n\n<p class=\"has-text-align-center has-electric-grass-gradient-background has-background has-medium-font-size\"><strong><mark style=\"background-color:rgba(0, 0, 0, 0);color:#1d7f5b\" class=\"has-inline-color\">Manh\u00e3<\/mark><\/strong><\/p>\n\n\n\n<p class=\"has-text-align-center has-electric-grass-gradient-background has-background has-medium-font-size\">&nbsp;<mark style=\"background-color:rgba(0, 0, 0, 0);color:#1d7f5b\" class=\"has-inline-color\"><strong>Mesa redonda: Doen\u00e7a Cardiovascular, Obesidade e Exerc\u00edcio F\u00edsico<\/strong><\/mark><\/p>\n\n\n\n<p class=\"has-text-align-center has-black-color has-electric-grass-gradient-background has-text-color has-background has-link-color has-medium-font-size wp-elements-226a34cad0312be6b5be1e6ece9aaa2f\"><strong>Moderadores:<\/strong>&nbsp;<em>Dr\u00aa Ana Paula da Silva Azevedo \u2013 UFMT<\/em><\/p>\n\n\n\n<p class=\"has-text-align-center has-black-color has-electric-grass-gradient-background has-text-color has-background has-link-color has-medium-font-size wp-elements-e0494f4b41fd49694bd4a92555cd9f92\"><em>Dr\u00aa Sara Andrade Rodrigues <em>\u2013<\/em> UFMT <em>\u2013<\/em> Barra do Gar\u00e7as<\/em><\/p>\n\n\n\n<p class=\"has-text-align-center has-black-color has-electric-grass-gradient-background has-text-color has-background has-link-color has-medium-font-size wp-elements-06b68cbab7f02105d3454fa9fe7232ac\">&nbsp;<strong>08:00 &#8211; 08:50<\/strong>&nbsp;&#8211; <strong>Exerc\u00edcio e nutri\u00e7\u00e3o no manejo da obesidade sarcop\u00eanica em Idosos<\/strong> <em> <em>\u2013<\/em><\/em> <em><em>Dr Hamilton Augusto Roschel \u2013 USP<\/em><\/em><\/p>\n\n\n\n<p class=\"has-text-align-center has-black-color has-electric-grass-gradient-background has-text-color has-background has-link-color has-medium-font-size wp-elements-c8e93f6721bd18b0df3f6f55a1d0e0c0\"><strong>08:50 &#8211; 09:40<\/strong>&nbsp;&#8211; <strong>Dist\u00farbios cardiovasculares em repouso e durante o exerc\u00edcio em pacientes com doen\u00e7a de Parkinson<\/strong><em>   <em>\u2013<\/em><\/em> <em> Dr Lauro Casqueiro Vianna \u2013 UNB<\/em><\/p>\n\n\n\n<p class=\"has-text-align-center has-black-color has-electric-grass-gradient-background has-text-color has-background has-link-color has-medium-font-size wp-elements-bda75e4739c5709e8c36b3d851e1e435\"><strong>09:40 &#8211; 10:00<\/strong> &#8211; Debate aberto ao p\u00fablico&nbsp;<\/p>\n\n\n\n<p class=\"has-text-align-center has-electric-grass-gradient-background has-background has-medium-font-size\"><strong><mark style=\"background-color:rgba(0, 0, 0, 0);color:#1d7f5b\" class=\"has-inline-color\">Confer\u00eancia de Encerramento<\/mark><\/strong><\/p>\n\n\n\n<p class=\"has-text-align-center has-black-color has-electric-grass-gradient-background has-text-color has-background has-link-color has-medium-font-size wp-elements-189c65cae8a20a173829db53118cb515\"><strong>Moderadora:<\/strong>&nbsp;<em><em>Dr\u00aa Jacielle Carolina Ferreira <em>\u2013<\/em> UFMT<\/em><\/em><\/p>\n\n\n\n<p class=\"has-text-align-center has-black-color has-electric-grass-gradient-background has-text-color has-background has-link-color has-medium-font-size wp-elements-56cefa371e5773d33eff18a774ae2966\"><strong>10:00 &#8211; 10:50<\/strong>&nbsp;&#8211;&nbsp;<strong>Potenciais benef\u00edcios da suplementa\u00e7\u00e3o de nitrato para a sa\u00fade e doen\u00e7as cardiometab\u00f3licas<\/strong> <em> \u2013<\/em> <em>Dr Guilherme Morais Puga \u2013 UFU<\/em><\/p>\n\n\n\n<p class=\"has-text-align-center has-black-color has-electric-grass-gradient-background has-text-color has-background has-link-color has-medium-font-size wp-elements-23081c18040be398252efc05619aca85\"><strong>10:50 &#8211; 11:00<\/strong> &#8211; Debate aberto ao p\u00fablico&nbsp;<\/p>\n\n\n\n<p class=\"has-text-align-center has-electric-grass-gradient-background has-background has-medium-font-size\"><strong>11:00 &#8211; 12:00<\/strong> &#8211; <strong><mark style=\"background-color:rgba(0, 0, 0, 0);color:#1d7f5b\" class=\"has-inline-color\">Sess\u00e3o de P\u00f4ster<\/mark><\/strong> <em><a href=\"http:\/\/codmef.com.br\/wp-content\/uploads\/2024\/10\/dia2.pdf\"><strong>(rela\u00e7\u00e3o de trabalhos)<\/strong><\/a><\/em><\/p>\n\n\n\n<p class=\"has-vivid-red-color has-text-color has-link-color wp-elements-12336f222cc4f96b539048ee9d15a4e4\">*<strong>Poder\u00e3o ocorrer pequenas altera\u00e7\u00f5es na programa\u00e7\u00e3o sem aviso pr\u00e9vio.<\/strong><\/p>\n\n\n\n<hr class=\"wp-block-separator has-text-color has-vivid-green-cyan-color has-alpha-channel-opacity has-vivid-green-cyan-background-color has-background is-style-dots\"\/>\n<\/div><\/div>\n","protected":false},"excerpt":{"rendered":"<p>1\u00ba Dia &#8211; 06\/11 (Quarta-Feira) Manh\u00e3 08:00&nbsp;&#8211; Credenciamento &#8211; Entrega de Material 09:00&nbsp;&#8211; Abertura Oficial Autoridades presentes: Reitor da Universidade Federal de Mato Grosso, Diretor da Faculdade de Educa\u00e7\u00e3o F\u00edsica, Coordenador do NUPEFS, Coordenadora do PPGEF, Coordenadora do Evento. &nbsp;Confer\u00eancia de Abertura Moderador:&nbsp;Dr Guilherme Morais Puga \u2013 UFU 10:00 &#8211; 10:50&nbsp;&#8211; Exerc\u00edcio f\u00edsico e hipertens\u00e3o: [&hellip;]<\/p>\n","protected":false},"author":1,"featured_media":0,"parent":0,"menu_order":0,"comment_status":"closed","ping_status":"closed","template":"","meta":{"footnotes":""},"_links":{"self":[{"href":"https:\/\/codmef.com.br\/index.php\/wp-json\/wp\/v2\/pages\/19"}],"collection":[{"href":"https:\/\/codmef.com.br\/index.php\/wp-json\/wp\/v2\/pages"}],"about":[{"href":"https:\/\/codmef.com.br\/index.php\/wp-json\/wp\/v2\/types\/page"}],"author":[{"embeddable":true,"href":"https:\/\/codmef.com.br\/index.php\/wp-json\/wp\/v2\/users\/1"}],"replies":[{"embeddable":true,"href":"https:\/\/codmef.com.br\/index.php\/wp-json\/wp\/v2\/comments?post=19"}],"version-history":[{"count":105,"href":"https:\/\/codmef.com.br\/index.php\/wp-json\/wp\/v2\/pages\/19\/revisions"}],"predecessor-version":[{"id":607,"href":"https:\/\/codmef.com.br\/index.php\/wp-json\/wp\/v2\/pages\/19\/revisions\/607"}],"wp:attachment":[{"href":"https:\/\/codmef.com.br\/index.php\/wp-json\/wp\/v2\/media?parent=19"}],"curies":[{"name":"wp","href":"https:\/\/api.w.org\/{rel}","templated":true}]}}