{"id":581,"date":"2024-10-25T14:51:10","date_gmt":"2024-10-25T17:51:10","guid":{"rendered":"https:\/\/codmef.com.br\/?page_id=581"},"modified":"2024-10-25T14:51:10","modified_gmt":"2024-10-25T17:51:10","slug":"treinao-de-corrida","status":"publish","type":"page","link":"https:\/\/codmef.com.br\/index.php\/treinao-de-corrida\/","title":{"rendered":"Trein\u00e3o de corrida"},"content":{"rendered":"\n<div class=\"wp-block-media-text is-stacked-on-mobile\" style=\"grid-template-columns:61% auto\"><figure class=\"wp-block-media-text__media\"><img fetchpriority=\"high\" decoding=\"async\" width=\"1024\" height=\"1024\" src=\"https:\/\/codmef.com.br\/wp-content\/uploads\/2024\/10\/TREINAO-1024x1024.png\" alt=\"\" class=\"wp-image-582 size-full\" srcset=\"https:\/\/codmef.com.br\/wp-content\/uploads\/2024\/10\/TREINAO-1024x1024.png 1024w, https:\/\/codmef.com.br\/wp-content\/uploads\/2024\/10\/TREINAO-300x300.png 300w, https:\/\/codmef.com.br\/wp-content\/uploads\/2024\/10\/TREINAO-150x150.png 150w, https:\/\/codmef.com.br\/wp-content\/uploads\/2024\/10\/TREINAO-768x768.png 768w, https:\/\/codmef.com.br\/wp-content\/uploads\/2024\/10\/TREINAO-600x600.png 600w, https:\/\/codmef.com.br\/wp-content\/uploads\/2024\/10\/TREINAO.png 1080w\" sizes=\"(max-width: 1024px) 100vw, 1024px\" \/><\/figure><div class=\"wp-block-media-text__content\">\n<p class=\"has-text-align-center has-black-color has-text-color has-link-color has-large-font-size wp-elements-1e6bc7b8f09eb084c426e0f99d3dca4a\">Venha para o trein\u00e3o de corrida na pista do Centro Ol\u00edmpico de Treinamento da UFMT!<\/p>\n<\/div><\/div>\n\n\n\n<p><\/p>\n\n\n\n<div class=\"wp-block-buttons is-content-justification-right is-layout-flex wp-container-core-buttons-layout-1 wp-block-buttons-is-layout-flex\">\n<div class=\"wp-block-button has-custom-width wp-block-button__width-25\"><a class=\"wp-block-button__link wp-element-button\" href=\"https:\/\/forms.gle\/9fFWG2nkyJqzM2FcA\" target=\"_blank\" rel=\"noreferrer noopener\">Fa\u00e7a sua Inscri\u00e7\u00e3o aqui!<\/a><\/div>\n<\/div>\n\n\n\n<p><\/p>\n","protected":false},"excerpt":{"rendered":"<p>Venha para o trein\u00e3o de corrida na pista do Centro Ol\u00edmpico de Treinamento da UFMT!<\/p>\n","protected":false},"author":1,"featured_media":0,"parent":0,"menu_order":0,"comment_status":"closed","ping_status":"closed","template":"","meta":{"footnotes":""},"_links":{"self":[{"href":"https:\/\/codmef.com.br\/index.php\/wp-json\/wp\/v2\/pages\/581"}],"collection":[{"href":"https:\/\/codmef.com.br\/index.php\/wp-json\/wp\/v2\/pages"}],"about":[{"href":"https:\/\/codmef.com.br\/index.php\/wp-json\/wp\/v2\/types\/page"}],"author":[{"embeddable":true,"href":"https:\/\/codmef.com.br\/index.php\/wp-json\/wp\/v2\/users\/1"}],"replies":[{"embeddable":true,"href":"https:\/\/codmef.com.br\/index.php\/wp-json\/wp\/v2\/comments?post=581"}],"version-history":[{"count":3,"href":"https:\/\/codmef.com.br\/index.php\/wp-json\/wp\/v2\/pages\/581\/revisions"}],"predecessor-version":[{"id":585,"href":"https:\/\/codmef.com.br\/index.php\/wp-json\/wp\/v2\/pages\/581\/revisions\/585"}],"wp:attachment":[{"href":"https:\/\/codmef.com.br\/index.php\/wp-json\/wp\/v2\/media?parent=581"}],"curies":[{"name":"wp","href":"https:\/\/api.w.org\/{rel}","templated":true}]}}